[INFO] fetching crate solana-program-runtime 1.14.18...
[INFO] checking solana-program-runtime-1.14.18 against master#9610dfe5a9a731ced1ea4923ecbd0c57fe367898 for beta-170-4
[INFO] extracting crate solana-program-runtime 1.14.18 into /workspace/builds/worker-1-tc1/source
[INFO] validating manifest of crates.io crate solana-program-runtime 1.14.18 on toolchain 9610dfe5a9a731ced1ea4923ecbd0c57fe367898
[INFO] running `Command { std: CARGO_HOME="/workspace/cargo-home" RUSTUP_HOME="/workspace/rustup-home" "/workspace/cargo-home/bin/cargo" "+9610dfe5a9a731ced1ea4923ecbd0c57fe367898" "metadata" "--manifest-path" "Cargo.toml" "--no-deps", kill_on_drop: false }`
[INFO] started tweaking crates.io crate solana-program-runtime 1.14.18
[INFO] finished tweaking crates.io crate solana-program-runtime 1.14.18
[INFO] tweaked toml for crates.io crate solana-program-runtime 1.14.18 written to /workspace/builds/worker-1-tc1/source/Cargo.toml
[INFO] running `Command { std: CARGO_HOME="/workspace/cargo-home" RUSTUP_HOME="/workspace/rustup-home" __CARGO_TEST_CHANNEL_OVERRIDE_DO_NOT_USE_THIS="nightly" "/workspace/cargo-home/bin/cargo" "+9610dfe5a9a731ced1ea4923ecbd0c57fe367898" "generate-lockfile" "--manifest-path" "Cargo.toml" "-Zno-index-update", kill_on_drop: false }`
[INFO] running `Command { std: CARGO_HOME="/workspace/cargo-home" RUSTUP_HOME="/workspace/rustup-home" "/workspace/cargo-home/bin/cargo" "+9610dfe5a9a731ced1ea4923ecbd0c57fe367898" "fetch" "--manifest-path" "Cargo.toml", kill_on_drop: false }`
[INFO] [stderr]  Downloading crates ...
[INFO] [stderr]   Downloaded solana-metrics v1.14.18
[INFO] [stderr]   Downloaded solana-logger v1.14.18
[INFO] [stderr]   Downloaded solana-measure v1.14.18
[INFO] [stderr]   Downloaded solana-sdk v1.14.18
[INFO] running `Command { std: "docker" "create" "-v" "/var/lib/crater-agent-workspace/builds/worker-1-tc1/target:/opt/rustwide/target:rw,Z" "-v" "/var/lib/crater-agent-workspace/builds/worker-1-tc1/source:/opt/rustwide/workdir:ro,Z" "-v" "/var/lib/crater-agent-workspace/cargo-home:/opt/rustwide/cargo-home:ro,Z" "-v" "/var/lib/crater-agent-workspace/rustup-home:/opt/rustwide/rustup-home:ro,Z" "-e" "SOURCE_DIR=/opt/rustwide/workdir" "-e" "CARGO_TARGET_DIR=/opt/rustwide/target" "-e" "CARGO_HOME=/opt/rustwide/cargo-home" "-e" "RUSTUP_HOME=/opt/rustwide/rustup-home" "-w" "/opt/rustwide/workdir" "-m" "1610612736" "--user" "0:0" "--network" "none" "ghcr.io/rust-lang/crates-build-env/linux@sha256:19e73879b68f455e41552ea35293514db52ea292d993f571636dbffedb77a1ee" "/opt/rustwide/cargo-home/bin/cargo" "+9610dfe5a9a731ced1ea4923ecbd0c57fe367898" "metadata" "--no-deps" "--format-version=1", kill_on_drop: false }`
[INFO] [stdout] f867920a24df7421261eda8278027bf68ac7dea53725c05cafa6ee1ba804a3d6
[INFO] running `Command { std: "docker" "start" "-a" "f867920a24df7421261eda8278027bf68ac7dea53725c05cafa6ee1ba804a3d6", kill_on_drop: false }`
[INFO] running `Command { std: "docker" "inspect" "f867920a24df7421261eda8278027bf68ac7dea53725c05cafa6ee1ba804a3d6", kill_on_drop: false }`
[INFO] running `Command { std: "docker" "rm" "-f" "f867920a24df7421261eda8278027bf68ac7dea53725c05cafa6ee1ba804a3d6", kill_on_drop: false }`
[INFO] [stdout] f867920a24df7421261eda8278027bf68ac7dea53725c05cafa6ee1ba804a3d6
[INFO] running `Command { std: "docker" "create" "-v" "/var/lib/crater-agent-workspace/builds/worker-1-tc1/target:/opt/rustwide/target:rw,Z" "-v" "/var/lib/crater-agent-workspace/builds/worker-1-tc1/source:/opt/rustwide/workdir:ro,Z" "-v" "/var/lib/crater-agent-workspace/cargo-home:/opt/rustwide/cargo-home:ro,Z" "-v" "/var/lib/crater-agent-workspace/rustup-home:/opt/rustwide/rustup-home:ro,Z" "-e" "SOURCE_DIR=/opt/rustwide/workdir" "-e" "CARGO_TARGET_DIR=/opt/rustwide/target" "-e" "CARGO_INCREMENTAL=0" "-e" "RUST_BACKTRACE=full" "-e" "RUSTFLAGS=--cap-lints=forbid" "-e" "RUSTDOCFLAGS=--cap-lints=forbid" "-e" "CARGO_HOME=/opt/rustwide/cargo-home" "-e" "RUSTUP_HOME=/opt/rustwide/rustup-home" "-w" "/opt/rustwide/workdir" "-m" "1610612736" "--user" "0:0" "--network" "none" "ghcr.io/rust-lang/crates-build-env/linux@sha256:19e73879b68f455e41552ea35293514db52ea292d993f571636dbffedb77a1ee" "/opt/rustwide/cargo-home/bin/cargo" "+9610dfe5a9a731ced1ea4923ecbd0c57fe367898" "check" "--frozen" "--all" "--all-targets" "--message-format=json", kill_on_drop: false }`
[INFO] [stdout] 546eba7ec1880bf2cfd756a4e9bb130b35ec7b28e3a785c78599b3ba4776cc9e
[INFO] running `Command { std: "docker" "start" "-a" "546eba7ec1880bf2cfd756a4e9bb130b35ec7b28e3a785c78599b3ba4776cc9e", kill_on_drop: false }`
[INFO] [stderr]     Blocking waiting for file lock on package cache
[INFO] [stderr]    Compiling version_check v0.9.4
[INFO] [stderr]    Compiling libc v0.2.144
[INFO] [stderr]    Compiling typenum v1.16.0
[INFO] [stderr]    Compiling serde v1.0.163
[INFO] [stderr]     Checking once_cell v1.17.2
[INFO] [stderr]     Checking subtle v2.5.0
[INFO] [stderr]    Compiling syn v2.0.18
[INFO] [stderr]    Compiling jobserver v0.1.26
[INFO] [stderr]    Compiling semver v1.0.17
[INFO] [stderr]    Compiling syn v1.0.109
[INFO] [stderr]    Compiling generic-array v0.14.7
[INFO] [stderr]    Compiling cc v1.0.79
[INFO] [stderr]    Compiling ahash v0.7.6
[INFO] [stderr]    Compiling memchr v2.5.0
[INFO] [stderr]    Compiling log v0.4.18
[INFO] [stderr]    Compiling rustc_version v0.4.0
[INFO] [stderr]    Compiling getrandom v0.1.16
[INFO] [stderr]    Compiling crunchy v0.2.2
[INFO] [stderr]    Compiling crossbeam-utils v0.8.15
[INFO] [stderr]    Compiling memoffset v0.8.0
[INFO] [stderr]     Checking pin-project-lite v0.2.9
[INFO] [stderr]    Compiling crossbeam-epoch v0.9.14
[INFO] [stderr]    Compiling ring v0.16.20
[INFO] [stderr]    Compiling futures-core v0.3.28
[INFO] [stderr]     Checking getrandom v0.2.9
[INFO] [stderr]     Checking num_cpus v1.15.0
[INFO] [stderr]     Checking cpufeatures v0.2.7
[INFO] [stderr]     Checking block-padding v0.2.1
[INFO] [stderr]     Checking bytes v1.4.0
[INFO] [stderr]     Checking rand_core v0.5.1
[INFO] [stderr]     Checking hashbrown v0.12.3
[INFO] [stderr]    Compiling tokio v1.28.2
[INFO] [stderr]    Compiling wasm-bindgen-shared v0.2.86
[INFO] [stderr]     Checking ppv-lite86 v0.2.17
[INFO] [stderr]    Compiling digest v0.9.0
[INFO] [stderr]     Checking untrusted v0.7.1
[INFO] [stderr]     Checking rand_chacha v0.2.2
[INFO] [stderr]    Compiling libsecp256k1-core v0.2.2
[INFO] [stderr]     Checking socket2 v0.4.9
[INFO] [stderr]     Checking mio v0.8.8
[INFO] [stderr]    Compiling rayon-core v1.11.0
[INFO] [stderr]     Checking crossbeam-deque v0.8.3
[INFO] [stderr]     Checking rand v0.7.3
[INFO] [stderr]     Checking crossbeam-channel v0.5.8
[INFO] [stderr]    Compiling futures-task v0.3.28
[INFO] [stderr]     Checking byteorder v1.4.3
[INFO] [stderr]     Checking percent-encoding v2.2.0
[INFO] [stderr]    Compiling feature-probe v0.1.1
[INFO] [stderr]     Checking either v1.8.1
[INFO] [stderr]    Compiling bumpalo v3.13.0
[INFO] [stderr]    Compiling thiserror v1.0.40
[INFO] [stderr]    Compiling wasm-bindgen-backend v0.2.86
[INFO] [stderr]    Compiling bv v0.11.1
[INFO] [stderr]    Compiling libsecp256k1-gen-genmult v0.2.1
[INFO] [stderr]    Compiling libsecp256k1-gen-ecmult v0.2.1
[INFO] [stderr]     Checking rand_core v0.6.4
[INFO] [stderr]    Compiling blake3 v1.3.3
[INFO] [stderr]     Checking bitmaps v2.1.0
[INFO] [stderr]    Compiling solana-frozen-abi-macro v1.14.18
[INFO] [stderr]    Compiling im v15.1.0
[INFO] [stderr]     Checking tracing-core v0.1.31
[INFO] [stderr]    Compiling num-traits v0.2.15
[INFO] [stderr]    Compiling futures-util v0.3.28
[INFO] [stderr]     Checking arrayref v0.3.7
[INFO] [stderr]    Compiling rustversion v1.0.12
[INFO] [stderr]    Compiling anyhow v1.0.71
[INFO] [stderr]     Checking tracing v0.1.37
[INFO] [stderr]     Checking sized-chunks v0.6.5
[INFO] [stderr]    Compiling indexmap v1.9.3
[INFO] [stderr]    Compiling wasm-bindgen-macro-support v0.2.86
[INFO] [stderr]     Checking rayon v1.7.0
[INFO] [stderr]     Checking rand_xoshiro v0.6.0
[INFO] [stderr]    Compiling libsecp256k1 v0.6.0
[INFO] [stderr]    Compiling borsh-schema-derive-internal v0.9.3
[INFO] [stderr]    Compiling serde_derive v1.0.163
[INFO] [stderr]    Compiling zeroize_derive v1.4.2
[INFO] [stderr]    Compiling toml v0.5.11
[INFO] [stderr]    Compiling thiserror-impl v1.0.40
[INFO] [stderr]    Compiling borsh-derive-internal v0.9.3
[INFO] [stderr]     Checking http v0.2.9
[INFO] [stderr]     Checking aho-corasick v1.0.1
[INFO] [stderr]     Checking zeroize v1.3.0
[INFO] [stderr]    Compiling proc-macro-crate v0.1.5
[INFO] [stderr]    Compiling solana-frozen-abi v1.14.18
[INFO] [stderr]    Compiling memoffset v0.6.5
[INFO] [stderr]    Compiling crc32fast v1.3.2
[INFO] [stderr]     Checking arrayvec v0.7.2
[INFO] [stderr]     Checking pin-utils v0.1.0
[INFO] [stderr]     Checking alloc-no-stdlib v2.0.4
[INFO] [stderr]     Checking regex-syntax v0.7.2
[INFO] [stderr]    Compiling rustls v0.21.1
[INFO] [stderr]     Checking constant_time_eq v0.2.5
[INFO] [stderr]    Compiling futures-channel v0.3.28
[INFO] [stderr]    Compiling httparse v1.8.0
[INFO] [stderr]     Checking signature v1.6.4
[INFO] [stderr]     Checking futures-io v0.3.28
[INFO] [stderr]     Checking futures-sink v0.3.28
[INFO] [stderr]    Compiling wasm-bindgen v0.2.86
[INFO] [stderr]     Checking tokio-util v0.7.8
[INFO] [stderr]    Compiling borsh-derive v0.9.3
[INFO] [stderr]     Checking ed25519 v1.5.3
[INFO] [stderr]     Checking alloc-stdlib v0.2.2
[INFO] [stderr]    Compiling wasm-bindgen-macro v0.2.86
[INFO] [stderr]     Checking regex v1.8.3
[INFO] [stderr]    Compiling bytemuck_derive v1.4.1
[INFO] [stderr]     Checking sct v0.7.0
[INFO] [stderr]     Checking rustls-webpki v0.100.1
[INFO] [stderr]     Checking hashbrown v0.11.2
[INFO] [stderr]     Checking atty v0.2.14
[INFO] [stderr]     Checking memmap2 v0.5.10
[INFO] [stderr]    Compiling solana-program v1.14.18
[INFO] [stderr]     Checking base64 v0.12.3
[INFO] [stderr]     Checking adler v1.0.2
[INFO] [stderr]     Checking termcolor v1.2.0
[INFO] [stderr]     Checking rustc-hash v1.1.0
[INFO] [stderr]     Checking bs58 v0.4.0
[INFO] [stderr]     Checking try-lock v0.2.4
[INFO] [stderr]     Checking keccak v0.1.4
[INFO] [stderr]     Checking humantime v2.1.0
[INFO] [stderr]     Checking want v0.3.0
[INFO] [stderr]     Checking borsh v0.9.3
[INFO] [stderr]     Checking miniz_oxide v0.7.1
[INFO] [stderr]     Checking env_logger v0.9.3
[INFO] [stderr]     Checking bytemuck v1.13.1
[INFO] [stderr]    Compiling solana-sdk-macro v1.14.18
[INFO] [stderr]     Checking h2 v0.3.19
[INFO] [stderr]     Checking brotli-decompressor v2.3.4
[INFO] [stderr]     Checking http-body v0.4.5
[INFO] [stderr]    Compiling num-derive v0.3.3
[INFO] [stderr]     Checking itertools v0.10.5
[INFO] [stderr]     Checking form_urlencoded v1.1.0
[INFO] [stderr]    Compiling solana-sdk v1.14.18
[INFO] [stderr]     Checking tower-service v0.3.2
[INFO] [stderr]     Checking base64 v0.13.1
[INFO] [stderr]     Checking httpdate v1.0.2
[INFO] [stderr]     Checking derivation-path v0.2.0
[INFO] [stderr]     Checking brotli v3.3.4
[INFO] [stderr]     Checking idna v0.3.0
[INFO] [stderr]     Checking flate2 v1.0.26
[INFO] [stderr]     Checking solana-logger v1.14.18
[INFO] [stderr]     Checking chrono v0.4.26
[INFO] [stderr]     Checking uriparse v0.6.4
[INFO] [stderr]     Checking tokio-rustls v0.24.0
[INFO] [stderr]     Checking webpki v0.22.0
[INFO] [stderr]     Checking qstring v0.7.2
[INFO] [stderr]     Checking base64 v0.21.2
[INFO] [stderr]     Checking assert_matches v1.5.0
[INFO] [stderr]     Checking webpki-roots v0.22.6
[INFO] [stderr]     Checking url v2.3.1
[INFO] [stderr]     Checking encoding_rs v0.8.32
[INFO] [stderr]     Checking ipnet v2.7.2
[INFO] [stderr]     Checking mime v0.3.17
[INFO] [stderr]     Checking rustls-pemfile v1.0.2
[INFO] [stderr]    Compiling enum-iterator-derive v0.8.1
[INFO] [stderr]     Checking gethostname v0.2.3
[INFO] [stderr]    Compiling solana-program-runtime v1.14.18 (/opt/rustwide/workdir)
[INFO] [stderr]     Checking libloading v0.7.4
[INFO] [stderr]     Checking hyper v0.14.26
[INFO] [stderr]     Checking eager v0.1.0
[INFO] [stderr]     Checking serde_json v1.0.96
[INFO] [stderr]     Checking serde_bytes v0.11.9
[INFO] [stderr]     Checking bincode v1.3.3
[INFO] [stderr]     Checking serde_urlencoded v0.7.1
[INFO] [stderr]     Checking block-buffer v0.10.4
[INFO] [stderr]     Checking crypto-common v0.1.6
[INFO] [stderr]     Checking block-buffer v0.9.0
[INFO] [stderr]     Checking crypto-mac v0.8.0
[INFO] [stderr]     Checking curve25519-dalek v3.2.1
[INFO] [stderr]     Checking digest v0.10.7
[INFO] [stderr]     Checking sha2 v0.9.9
[INFO] [stderr]     Checking hmac v0.8.1
[INFO] [stderr]     Checking hmac-drbg v0.3.0
[INFO] [stderr]     Checking sha2 v0.10.6
[INFO] [stderr]     Checking pbkdf2 v0.4.0
[INFO] [stderr]     Checking hmac v0.12.1
[INFO] [stderr]     Checking ed25519-dalek v1.0.1
[INFO] [stderr]     Checking sha3 v0.10.8
[INFO] [stderr]     Checking tiny-bip39 v0.8.2
[INFO] [stderr]     Checking pbkdf2 v0.11.0
[INFO] [stderr]     Checking enum-iterator v0.8.1
[INFO] [stderr]     Checking ed25519-dalek-bip32 v0.2.0
[INFO] [stderr]     Checking async-compression v0.4.0
[INFO] [stderr]     Checking hyper-rustls v0.24.0
[INFO] [stderr]     Checking reqwest v0.11.18
[INFO] [stderr]     Checking solana-metrics v1.14.18
[INFO] [stderr]     Checking solana-measure v1.14.18
[INFO] [stdout] error[E0308]: mismatched types
[INFO] [stdout]   --> benches/pre_account.rs:47:44
[INFO] [stdout]    |
[INFO] [stdout] 47 |     let summary = bencher.bench(|_bencher| {}).unwrap();
[INFO] [stdout]    |                                            ^^ expected `Result<(), String>`, found `()`
[INFO] [stdout]    |
[INFO] [stdout]    = note:   expected enum `Result<(), String>`
[INFO] [stdout]            found unit type `()`
[INFO] [stdout] 
[INFO] [stdout] 
[INFO] [stdout] error[E0609]: no field `median` on type `Option<Summary>`
[INFO] [stdout]   --> benches/pre_account.rs:48:58
[INFO] [stdout]    |
[INFO] [stdout] 48 |     info!("data no change by owner: {} ns/iter", summary.median);
[INFO] [stdout]    |                                                          ^^^^^^
[INFO] [stdout] 
[INFO] [stdout] 
[INFO] [stdout] error[E0308]: mismatched types
[INFO] [stdout]   --> benches/pre_account.rs:53:44
[INFO] [stdout]    |
[INFO] [stdout] 53 |     let summary = bencher.bench(|_bencher| {}).unwrap();
[INFO] [stdout]    |                                            ^^ expected `Result<(), String>`, found `()`
[INFO] [stdout]    |
[INFO] [stdout]    = note:   expected enum `Result<(), String>`
[INFO] [stdout]            found unit type `()`
[INFO] [stdout] 
[INFO] [stdout] 
[INFO] [stdout] error[E0609]: no field `median` on type `Option<Summary>`
[INFO] [stdout]   --> benches/pre_account.rs:54:46
[INFO] [stdout]    |
[INFO] [stdout] 54 |     info!("data compare {} ns/iter", summary.median);
[INFO] [stdout]    |                                              ^^^^^^
[INFO] [stdout] 
[INFO] [stdout] 
[INFO] [stdout] error[E0308]: mismatched types
[INFO] [stdout]   --> benches/pre_account.rs:71:44
[INFO] [stdout]    |
[INFO] [stdout] 71 |     let summary = bencher.bench(|_bencher| {}).unwrap();
[INFO] [stdout]    |                                            ^^ expected `Result<(), String>`, found `()`
[INFO] [stdout]    |
[INFO] [stdout]    = note:   expected enum `Result<(), String>`
[INFO] [stdout]            found unit type `()`
[INFO] [stdout] 
[INFO] [stdout] 
[INFO] [stdout] error[E0609]: no field `median` on type `Option<Summary>`
[INFO] [stdout]   --> benches/pre_account.rs:72:62
[INFO] [stdout]    |
[INFO] [stdout] 72 |     info!("data no change by non owner: {} ns/iter", summary.median);
[INFO] [stdout]    |                                                              ^^^^^^
[INFO] [stdout] 
[INFO] [stdout] 
[INFO] [stdout] error: aborting due to 6 previous errors
[INFO] [stdout] 
[INFO] [stdout] 
[INFO] [stdout] Some errors have detailed explanations: E0308, E0609.
[INFO] [stdout] 
[INFO] [stdout] For more information about an error, try `rustc --explain E0308`.
[INFO] [stdout] 
[INFO] [stderr] error: could not compile `solana-program-runtime` (bench "pre_account") due to 7 previous errors
[INFO] [stderr] warning: build failed, waiting for other jobs to finish...
[INFO] running `Command { std: "docker" "inspect" "546eba7ec1880bf2cfd756a4e9bb130b35ec7b28e3a785c78599b3ba4776cc9e", kill_on_drop: false }`
[INFO] running `Command { std: "docker" "rm" "-f" "546eba7ec1880bf2cfd756a4e9bb130b35ec7b28e3a785c78599b3ba4776cc9e", kill_on_drop: false }`
[INFO] [stdout] 546eba7ec1880bf2cfd756a4e9bb130b35ec7b28e3a785c78599b3ba4776cc9e
